{"version":"1.0","provider_name":"creaerte.com","provider_url":"https:\/\/www.creaerte.com\/live","author_name":"admin","author_url":"https:\/\/www.creaerte.com\/live\/author\/admin\/","title":"Marketing rojo, negro y blanco - creaerte.com","type":"rich","width":600,"height":338,"html":"<blockquote class=\"wp-embedded-content\" data-secret=\"CmOBU8uIxA\"><a href=\"https:\/\/www.creaerte.com\/live\/marketing-rojo-negro-blanco\/\">Marketing rojo, negro y blanco<\/a><\/blockquote><iframe sandbox=\"allow-scripts\" security=\"restricted\" src=\"https:\/\/www.creaerte.com\/live\/marketing-rojo-negro-blanco\/embed\/#?secret=CmOBU8uIxA\" width=\"600\" height=\"338\" title=\"\u00abMarketing rojo, negro y blanco\u00bb \u2014 creaerte.com\" data-secret=\"CmOBU8uIxA\" frameborder=\"0\" marginwidth=\"0\" marginheight=\"0\" scrolling=\"no\" class=\"wp-embedded-content\"><\/iframe><script type=\"text\/javascript\">\n\/* <![CDATA[ *\/\n\/*! This file is auto-generated *\/\n!function(d,l){\"use strict\";l.querySelector&&d.addEventListener&&\"undefined\"!=typeof URL&&(d.wp=d.wp||{},d.wp.receiveEmbedMessage||(d.wp.receiveEmbedMessage=function(e){var t=e.data;if((t||t.secret||t.message||t.value)&&!\/[^a-zA-Z0-9]\/.test(t.secret)){for(var s,r,n,a=l.querySelectorAll('iframe[data-secret=\"'+t.secret+'\"]'),o=l.querySelectorAll('blockquote[data-secret=\"'+t.secret+'\"]'),c=new RegExp(\"^https?:$\",\"i\"),i=0;i<o.length;i++)o[i].style.display=\"none\";for(i=0;i<a.length;i++)s=a[i],e.source===s.contentWindow&&(s.removeAttribute(\"style\"),\"height\"===t.message?(1e3<(r=parseInt(t.value,10))?r=1e3:~~r<200&&(r=200),s.height=r):\"link\"===t.message&&(r=new URL(s.getAttribute(\"src\")),n=new URL(t.value),c.test(n.protocol))&&n.host===r.host&&l.activeElement===s&&(d.top.location.href=t.value))}},d.addEventListener(\"message\",d.wp.receiveEmbedMessage,!1),l.addEventListener(\"DOMContentLoaded\",function(){for(var e,t,s=l.querySelectorAll(\"iframe.wp-embedded-content\"),r=0;r<s.length;r++)(t=(e=s[r]).getAttribute(\"data-secret\"))||(t=Math.random().toString(36).substring(2,12),e.src+=\"#?secret=\"+t,e.setAttribute(\"data-secret\",t)),e.contentWindow.postMessage({message:\"ready\",secret:t},\"*\")},!1)))}(window,document);\n\/\/# sourceURL=https:\/\/www.creaerte.com\/live\/wp-includes\/js\/wp-embed.min.js\n\/* ]]> *\/\n<\/script>\n","thumbnail_url":"https:\/\/www.creaerte.com\/live\/wp-content\/uploads\/2018\/01\/180126_VanHalen.jpg","thumbnail_width":1024,"thumbnail_height":678,"description":"Hoy celebramos el\u00a0cumplea\u00f1os\u00a0del\u00a0maestro de las seis cuerdas Edward Lodewijk Van Halen,\u00a0Eddie\u00a0para los amigos, que tal d\u00eda como hoy en 1955 nac\u00eda en los\u00a0Pa\u00edses Bajos. Sin embargo despu\u00e9s se trasladar\u00eda con su familia a\u00a0California, donde, junto a\u00a0su hermano Alex, fue concertista de\u00a0piano\u00a0durante varios a\u00f1os. Con el tiempo tambi\u00e9n se interesaron por\u00a0otros instrumentos, gracias a la incentivaci\u00f3n de\u00a0su padre,\u00a0Jan Van Halen, m\u00fasico..."}

Hoy celebramos el cumpleaños del maestro de las seis cuerdas Edward Lodewijk Van Halen, Eddie para los amigos, que tal día como hoy en 1955 nacía en los Países Bajos. Sin embargo después se trasladaría con su familia a California, donde, junto a su hermano Alex, fue concertista de piano durante varios años. Con el tiempo también se interesaron por otros instrumentos, gracias a la incentivación de su padre, Jan Van Halen, músico...
